{"id":11,"date":"2023-10-04T12:51:44","date_gmt":"2023-10-04T16:51:44","guid":{"rendered":"https:\/\/robertcyr.ca\/?page_id=11"},"modified":"2023-10-24T15:10:20","modified_gmt":"2023-10-24T19:10:20","slug":"robert-cyr","status":"publish","type":"page","link":"https:\/\/robertcyr.ca\/?page_id=11","title":{"rendered":"ROBERT CYR"},"content":{"rendered":"\n<figure class=\"wp-block-image size-large\"><img loading=\"lazy\" decoding=\"async\" width=\"1024\" height=\"160\" src=\"https:\/\/robertcyr.ca\/wp-content\/uploads\/2023\/10\/cyr-1024x160.jpg\" alt=\"\" class=\"wp-image-116\" srcset=\"https:\/\/robertcyr.ca\/wp-content\/uploads\/2023\/10\/cyr-1024x160.jpg 1024w, https:\/\/robertcyr.ca\/wp-content\/uploads\/2023\/10\/cyr-300x47.jpg 300w, https:\/\/robertcyr.ca\/wp-content\/uploads\/2023\/10\/cyr-768x120.jpg 768w, https:\/\/robertcyr.ca\/wp-content\/uploads\/2023\/10\/cyr-1536x240.jpg 1536w, https:\/\/robertcyr.ca\/wp-content\/uploads\/2023\/10\/cyr-1140x178.jpg 1140w, https:\/\/robertcyr.ca\/wp-content\/uploads\/2023\/10\/cyr.jpg 1920w\" sizes=\"auto, (max-width: 1024px) 100vw, 1024px\" \/><\/figure>\n\n\n\n<p>J\u2019\u00e9cris des chansons. Je suis toujours en train d\u2019en construire une ou deux et m\u00eame trois en m\u00eame temps. Mes premi\u00e8res datent de mes 7 ans. Je vois cette occupation comme une sorte d\u2019artisanat et j\u2019apprends constamment. C\u2019est le seul moment, le seul endroit ou je suis enti\u00e8rement libre.<\/p>\n\n\n\n<p>Je ne pourrais pas vivre sans r\u00eaver. La r\u00e9alit\u00e9 ne m\u2019a jamais suffit, j\u2019ai besoin de ce trou dans la cl\u00f4ture qui me donne la chance de sortir. Tous les tracas que l\u2019on subit sont att\u00e9nu\u00e9s par l\u2019\u00e9ventualit\u00e9 de rentrer chez-moi o\u00f9 les murs disparaissent derri\u00e8re des guitares.<\/p>\n\n\n\n<p>J\u2019esp\u00e8re toucher et faire du bien avec ces pi\u00e8ces mises en valeur par&nbsp;Carlos Lopes&nbsp;le solitaire, garder vivante cette longue complicit\u00e9 avec&nbsp;Richard Lavoie&nbsp;le vieil enfant et toujours avoir cette chance de jouer de la musique avec&nbsp;Daniel Breton&nbsp;le ma\u00eetre absolu. Mon apprentissage permanent est brillamment rehauss\u00e9 par&nbsp;Sylvain Neault&nbsp;avec qui j\u2019ai la chance de jouer r\u00e9guli\u00e8rement depuis trois ans dans la formation \u00ab&nbsp;Les livreurs d\u2019agr\u00e9ments&nbsp;\u00bb.<\/p>\n\n\n\n<p>Je chante pour \u00eatre compris, je joue de la musique pour communiquer, je marche avec Loup pour y mettre une forme.<\/p>\n\n\n\n<p>La vuln\u00e9rabilit\u00e9 est une force cr\u00e9atrice.&nbsp;<\/p>\n\n\n\n<p>La fragilit\u00e9 est notre point commun.&nbsp;<\/p>\n\n\n\n<p>La cr\u00e9ation est une armure.<\/p>\n\n\n\n<p>Ce projet est avant tout un acte d\u2019amiti\u00e9.<\/p>\n","protected":false},"excerpt":{"rendered":"<p>J\u2019\u00e9cris des chansons. Je suis toujours en train d\u2019en construire une ou deux et m\u00eame trois en m\u00eame temps. Mes premi\u00e8res datent de mes 7 ans. Je vois cette occupation comme une sorte d\u2019artisanat et j\u2019apprends constamment. C\u2019est le seul moment, le seul endroit ou je suis enti\u00e8rement libre. Je ne pourrais pas vivre sans r\u00eaver. La r\u00e9alit\u00e9 ne m\u2019a jamais suffit, j\u2019ai besoin de ce trou dans la cl\u00f4ture qui me donne la chance de sortir. Tous les tracas que l\u2019on subit sont att\u00e9nu\u00e9s par l\u2019\u00e9ventualit\u00e9 de rentrer chez-moi o\u00f9 les murs disparaissent derri\u00e8re des guitares. J\u2019esp\u00e8re toucher et faire du bien avec ces pi\u00e8ces mises en valeur par&nbsp;Carlos Lopes&nbsp;le solitaire, garder vivante cette longue complicit\u00e9 avec&nbsp;Richard Lavoie&nbsp;le vieil enfant et toujours avoir cette chance de jouer de la musique avec&nbsp;Daniel Breton&nbsp;le ma\u00eetre absolu. Mon apprentissage permanent est brillamment rehauss\u00e9 par&nbsp;Sylvain Neault&nbsp;avec qui j\u2019ai la chance de jouer r\u00e9guli\u00e8rement depuis trois ans dans la formation \u00ab&nbsp;Les livreurs d\u2019agr\u00e9ments&nbsp;\u00bb. Je chante pour \u00eatre compris, je joue de la musique pour communiquer, je marche avec Loup pour y mettre une forme. La vuln\u00e9rabilit\u00e9 est une force cr\u00e9atrice.&nbsp; La fragilit\u00e9 est notre point commun.&nbsp; La cr\u00e9ation est une armure. Ce projet est avant tout un acte d\u2019amiti\u00e9.<\/p>\n","protected":false},"author":1,"featured_media":0,"parent":0,"menu_order":0,"comment_status":"closed","ping_status":"closed","template":"","meta":{"footnotes":""},"class_list":["post-11","page","type-page","status-publish","hentry"],"_links":{"self":[{"href":"https:\/\/robertcyr.ca\/index.php?rest_route=\/wp\/v2\/pages\/11","targetHints":{"allow":["GET"]}}],"collection":[{"href":"https:\/\/robertcyr.ca\/index.php?rest_route=\/wp\/v2\/pages"}],"about":[{"href":"https:\/\/robertcyr.ca\/index.php?rest_route=\/wp\/v2\/types\/page"}],"author":[{"embeddable":true,"href":"https:\/\/robertcyr.ca\/index.php?rest_route=\/wp\/v2\/users\/1"}],"replies":[{"embeddable":true,"href":"https:\/\/robertcyr.ca\/index.php?rest_route=%2Fwp%2Fv2%2Fcomments&post=11"}],"version-history":[{"count":3,"href":"https:\/\/robertcyr.ca\/index.php?rest_route=\/wp\/v2\/pages\/11\/revisions"}],"predecessor-version":[{"id":117,"href":"https:\/\/robertcyr.ca\/index.php?rest_route=\/wp\/v2\/pages\/11\/revisions\/117"}],"wp:attachment":[{"href":"https:\/\/robertcyr.ca\/index.php?rest_route=%2Fwp%2Fv2%2Fmedia&parent=11"}],"curies":[{"name":"wp","href":"https:\/\/api.w.org\/{rel}","templated":true}]}}