{"id":13,"date":"2023-10-04T12:52:14","date_gmt":"2023-10-04T16:52:14","guid":{"rendered":"https:\/\/robertcyr.ca\/?page_id=13"},"modified":"2023-10-24T15:12:38","modified_gmt":"2023-10-24T19:12:38","slug":"richard-lavoie","status":"publish","type":"page","link":"https:\/\/robertcyr.ca\/?page_id=13","title":{"rendered":"RICHARD LAVOIE"},"content":{"rendered":"\n<figure class=\"wp-block-image size-large\"><img loading=\"lazy\" decoding=\"async\" width=\"1024\" height=\"160\" src=\"https:\/\/robertcyr.ca\/wp-content\/uploads\/2023\/10\/lavoie-1024x160.jpg\" alt=\"\" class=\"wp-image-122\" srcset=\"https:\/\/robertcyr.ca\/wp-content\/uploads\/2023\/10\/lavoie-1024x160.jpg 1024w, https:\/\/robertcyr.ca\/wp-content\/uploads\/2023\/10\/lavoie-300x47.jpg 300w, https:\/\/robertcyr.ca\/wp-content\/uploads\/2023\/10\/lavoie-768x120.jpg 768w, https:\/\/robertcyr.ca\/wp-content\/uploads\/2023\/10\/lavoie-1536x240.jpg 1536w, https:\/\/robertcyr.ca\/wp-content\/uploads\/2023\/10\/lavoie-1140x178.jpg 1140w, https:\/\/robertcyr.ca\/wp-content\/uploads\/2023\/10\/lavoie.jpg 1920w\" sizes=\"auto, (max-width: 1024px) 100vw, 1024px\" \/><\/figure>\n\n\n\n<p>Musicien, r\u00e9alisateur et producteur de disques, Richard Lavoie intervient, depuis plus de cinq d\u00e9cennies \u00e0 plusieurs titres dans l&rsquo;espace musical qu\u00e9b\u00e9cois.<\/p>\n\n\n\n<p>Il amorce sa carri\u00e8re de musicien dans les ann\u00e9es \u201960 dans le groupe&nbsp;<strong><em>Les Insolites<\/em><\/strong>. Il poursuit dans les ann\u00e9es \u201970 avec la formation folk-progressiste<strong>&nbsp;<em>Cockroach<\/em><\/strong><em>,&nbsp;<\/em>dans les ann\u00e9es \u201980 avec&nbsp;<strong><em>Blanc d\u2019Ivoire<\/em><\/strong>, les ann\u00e9es \u201990 avec&nbsp;<strong><em>Hope<\/em>.<\/strong>&nbsp;&nbsp;C\u2019est au cours de cette p\u00e9riode que le duo&nbsp;<strong><em>Cyr &amp; Lavoie<\/em><\/strong>&nbsp;voit le jour en 1992 et qui est toujours actif depuis cette \u00e9poque. Il a depuis collabor\u00e9 ave des artistes tels que&nbsp;<em>Tailor Made Fable, Am\u00e9lie Veille, Yves Poirier, Rock Harvey, J\u00e9rome 50, etc.<\/em><\/p>\n\n\n\n<p>Par ailleurs, il a \u00e9t\u00e9 fondateur associ\u00e9 en 1998 du Groupe Sismique de Qu\u00e9bec, entreprise sp\u00e9cialis\u00e9e dans l\u2019enregistrement sonore, la production d\u2019albums et de spectacles.<\/p>\n\n\n\n<p>Il a \u00e9galement assum\u00e9 l&rsquo;organisation, la gestion et la direction technique de tourn\u00e9es au Qu\u00e9bec, aux \u00c9tats-Unis et en Europe. Il a \u00e9t\u00e9 responsable technique de lieux de diffusion professionnels \u00e0 titre d\u2019\u00e9clairagiste et de sonorisateur adjoint \u00e0 La Maison de la culture de Bellechasse,&nbsp;au&nbsp;Moulin du Portage&nbsp;de Lotbini\u00e8re et \u00e0 l\u2019Amphith\u00e9\u00e2tre de Wendake<\/p>\n\n\n\n<p>Il agit \u00e9galement aupr\u00e8s d&rsquo;artistes de la rel\u00e8ve \u00e0 titre de tuteur et de conseiller artistique. Comme formateur, il \u00e9labore et conduit des s\u00e9minaires sur l\u2019industrie du disque et du spectacle pour des clients priv\u00e9s et des organismes tels que L\u2019Ampli de Qu\u00e9bec, Carrefour Jeunesse Emploi, etc.<\/p>\n\n\n\n<p><a href=\"http:\/\/www.richardlavoie.biz\/musicographie.html\">http:\/\/www.richardlavoie.biz\/musicographie.html<\/a><\/p>\n\n\n\n<p><\/p>\n","protected":false},"excerpt":{"rendered":"<p>Musicien, r\u00e9alisateur et producteur de disques, Richard Lavoie intervient, depuis plus de cinq d\u00e9cennies \u00e0 plusieurs titres dans l&rsquo;espace musical qu\u00e9b\u00e9cois. Il amorce sa carri\u00e8re de musicien dans les ann\u00e9es \u201960 dans le groupe&nbsp;Les Insolites. Il poursuit dans les ann\u00e9es \u201970 avec la formation folk-progressiste&nbsp;Cockroach,&nbsp;dans les ann\u00e9es \u201980 avec&nbsp;Blanc d\u2019Ivoire, les ann\u00e9es \u201990 avec&nbsp;Hope.&nbsp;&nbsp;C\u2019est au cours de cette p\u00e9riode que le duo&nbsp;Cyr &amp; Lavoie&nbsp;voit le jour en 1992 et qui est toujours actif depuis cette \u00e9poque. Il a depuis collabor\u00e9 ave des artistes tels que&nbsp;Tailor Made Fable, Am\u00e9lie Veille, Yves Poirier, Rock Harvey, J\u00e9rome 50, etc. Par ailleurs, il a \u00e9t\u00e9 fondateur associ\u00e9 en 1998 du Groupe Sismique de Qu\u00e9bec, entreprise sp\u00e9cialis\u00e9e dans l\u2019enregistrement sonore, la production d\u2019albums et de spectacles. Il a \u00e9galement assum\u00e9 l&rsquo;organisation, la gestion et la direction technique de tourn\u00e9es au Qu\u00e9bec, aux \u00c9tats-Unis et en Europe. Il a \u00e9t\u00e9 responsable technique de lieux de diffusion professionnels \u00e0 titre d\u2019\u00e9clairagiste et de sonorisateur adjoint \u00e0 La Maison de la culture de Bellechasse,&nbsp;au&nbsp;Moulin du Portage&nbsp;de Lotbini\u00e8re et \u00e0 l\u2019Amphith\u00e9\u00e2tre de Wendake Il agit \u00e9galement aupr\u00e8s d&rsquo;artistes de la rel\u00e8ve \u00e0 titre de tuteur et de conseiller artistique. Comme formateur, il \u00e9labore et conduit des s\u00e9minaires sur l\u2019industrie du disque et du spectacle pour des clients priv\u00e9s et des organismes tels que L\u2019Ampli de Qu\u00e9bec, Carrefour Jeunesse Emploi, etc. http:\/\/www.richardlavoie.biz\/musicographie.html<\/p>\n","protected":false},"author":1,"featured_media":0,"parent":0,"menu_order":0,"comment_status":"closed","ping_status":"closed","template":"","meta":{"footnotes":""},"class_list":["post-13","page","type-page","status-publish","hentry"],"_links":{"self":[{"href":"https:\/\/robertcyr.ca\/index.php?rest_route=\/wp\/v2\/pages\/13","targetHints":{"allow":["GET"]}}],"collection":[{"href":"https:\/\/robertcyr.ca\/index.php?rest_route=\/wp\/v2\/pages"}],"about":[{"href":"https:\/\/robertcyr.ca\/index.php?rest_route=\/wp\/v2\/types\/page"}],"author":[{"embeddable":true,"href":"https:\/\/robertcyr.ca\/index.php?rest_route=\/wp\/v2\/users\/1"}],"replies":[{"embeddable":true,"href":"https:\/\/robertcyr.ca\/index.php?rest_route=%2Fwp%2Fv2%2Fcomments&post=13"}],"version-history":[{"count":5,"href":"https:\/\/robertcyr.ca\/index.php?rest_route=\/wp\/v2\/pages\/13\/revisions"}],"predecessor-version":[{"id":123,"href":"https:\/\/robertcyr.ca\/index.php?rest_route=\/wp\/v2\/pages\/13\/revisions\/123"}],"wp:attachment":[{"href":"https:\/\/robertcyr.ca\/index.php?rest_route=%2Fwp%2Fv2%2Fmedia&parent=13"}],"curies":[{"name":"wp","href":"https:\/\/api.w.org\/{rel}","templated":true}]}}