{"id":55,"date":"2023-10-04T13:29:43","date_gmt":"2023-10-04T17:29:43","guid":{"rendered":"https:\/\/robertcyr.ca\/?page_id=55"},"modified":"2023-10-04T13:29:43","modified_gmt":"2023-10-04T17:29:43","slug":"californie","status":"publish","type":"page","link":"https:\/\/robertcyr.ca\/?page_id=55","title":{"rendered":"CALIFORNIE"},"content":{"rendered":"\n<p>Tu partiras en Californie<br>Pour voir avec tes yeux ce que les po\u00e8tes ont dit<br>Tu partiras en Californie<br>Pour vivre avec ton corps le voyage que fait ton \u00e2me<\/p>\n\n\n\n<p><strong>En arrivant tu demanderas o\u00f9 sont les mutants<\/strong><br><strong>Ces gens qui parlaient d\u2019amour, musique<\/strong><br><strong>Jamais d\u2019argent<\/strong><br><strong>Sur quelle rue dans quel quartier on peut les trouver<\/strong><br><strong>En face de quelle plage embrasser\u00a0<\/strong><br><strong>Les pieds de ces sages<\/strong><\/p>\n\n\n\n<p>Tu partiras en Californie<br>C\u2019est comme autrefois tu n\u2019as pas le choix<br>C\u2019est J\u00e9rusalem de la prochaine foi<br>Tu partiras en Californie<br>Avant que ton grand \u00e2ge t\u2019ait rendu patraque<br>Tu auras fais le trip de Jack Kerouac<\/p>\n\n\n\n<p><strong>REFRAIN<\/strong><\/p>\n\n\n\n<p>Tu reviendras de Californie avec une esp\u00e8ce d\u2019aura<br>Moiti\u00e9 ap\u00f4tre et moiti\u00e9 toi<br>Tu reviendras de Californie<br>Le dernier des hippies aura pris ta peau<\/p>\n\n\n\n<p><strong>REFRAIN<\/strong><\/p>\n\n\n\n<p>Tu partiras en Californie\u2026<\/p>\n\n\n\n<p><em>Paroles de Robert Cyr<\/em><br><em>Musique de Robert Cyr et Carlos Lopes<\/em><\/p>\n","protected":false},"excerpt":{"rendered":"<p>Tu partiras en CaliforniePour voir avec tes yeux ce que les po\u00e8tes ont ditTu partiras en CaliforniePour vivre avec ton corps le voyage que fait ton \u00e2me En arrivant tu demanderas o\u00f9 sont les mutantsCes gens qui parlaient d\u2019amour, musiqueJamais d\u2019argentSur quelle rue dans quel quartier on peut les trouverEn face de quelle plage embrasser\u00a0Les pieds de ces sages Tu partiras en CalifornieC\u2019est comme autrefois tu n\u2019as pas le choixC\u2019est J\u00e9rusalem de la prochaine foiTu partiras en CalifornieAvant que ton grand \u00e2ge t\u2019ait rendu patraqueTu auras fais le trip de Jack Kerouac REFRAIN Tu reviendras de Californie avec une esp\u00e8ce d\u2019auraMoiti\u00e9 ap\u00f4tre et moiti\u00e9 toiTu reviendras de CalifornieLe dernier des hippies aura pris ta peau REFRAIN Tu partiras en Californie\u2026 Paroles de Robert CyrMusique de Robert Cyr et Carlos Lopes<\/p>\n","protected":false},"author":1,"featured_media":0,"parent":0,"menu_order":0,"comment_status":"closed","ping_status":"closed","template":"","meta":{"footnotes":""},"class_list":["post-55","page","type-page","status-publish","hentry"],"_links":{"self":[{"href":"https:\/\/robertcyr.ca\/index.php?rest_route=\/wp\/v2\/pages\/55","targetHints":{"allow":["GET"]}}],"collection":[{"href":"https:\/\/robertcyr.ca\/index.php?rest_route=\/wp\/v2\/pages"}],"about":[{"href":"https:\/\/robertcyr.ca\/index.php?rest_route=\/wp\/v2\/types\/page"}],"author":[{"embeddable":true,"href":"https:\/\/robertcyr.ca\/index.php?rest_route=\/wp\/v2\/users\/1"}],"replies":[{"embeddable":true,"href":"https:\/\/robertcyr.ca\/index.php?rest_route=%2Fwp%2Fv2%2Fcomments&post=55"}],"version-history":[{"count":1,"href":"https:\/\/robertcyr.ca\/index.php?rest_route=\/wp\/v2\/pages\/55\/revisions"}],"predecessor-version":[{"id":56,"href":"https:\/\/robertcyr.ca\/index.php?rest_route=\/wp\/v2\/pages\/55\/revisions\/56"}],"wp:attachment":[{"href":"https:\/\/robertcyr.ca\/index.php?rest_route=%2Fwp%2Fv2%2Fmedia&parent=55"}],"curies":[{"name":"wp","href":"https:\/\/api.w.org\/{rel}","templated":true}]}}